Let y be (-2)/(-5) - 203/(-5). Let h = y + -28. Calculate the remainder when t is divided by h.
11
Calculate the remainder when 36948/(-16)*92/(-69) is divided by 39.
37
Let f(x) = -71*x - 200. Calculate the remainder when f(-13) is divided by 66.
63
Let w = 111 - 14. Calculate the remainder when w is divided by 7.
6
What is the remainder when 989 + (5 - (-1 + 1)) is divided by 83?
81
Suppose 2*j - 990 = 3*u, -488 = -4*j + 2*u + 1508. Calculate the remainder when j is divided by 6.
3
Let n = -24 + 25. What is the remainder when 26 is divided by (16 - n)/((-4)/(-4))?
11
Suppose -8*i + 921 = -1479. Calculate the remainder when i is divided by 62.
52
Let y = 38 - 21. What is the remainder when 49 is divided by y?
15
Suppose -4*h + 6*h + 12 = 4*y, 5*h = 2*y - 14. Suppose -2*i - s = y*s + 100, -i + 3*s = 41. Let n = -25 - i. What is the remainder when 85 is divided by n?
19
Let s(a) = 2*a**2 - 9*a + 1. Calculate the remainder when s(13) is divided by 25.
22
Suppose j = -0*j. Let c(b) = -b**2 - b + 200. Let z be c(j). Let h = z + -101. Calculate the remainder when h is divided by 25.
24
Let q(v) = 9*v + 44. Let o(r) = 9*r + 45. Let w(a) = 5*o(a) - 6*q(a). What is the remainder when 117 is divided by w(-7)?
21
Suppose -b + m + 3*m = -97, 393 = 5*b + 3*m. Let c = 894 - 873. Calculate the remainder when b is divided by c.
18
Suppose -4*c - 105 = -6*o + 3*o, -5*c - 140 = 5*o. Let y = 59 + c. Let j = 24 + -15. What is the remainder when y is divided by j?
5
Suppose 9*t - 384 = -3*t. Calculate the remainder when 116 is divided by t.
20
Let t(h) = 9*h**2 + 4. Let i be t(-2). Suppose -219 = 37*v - i*v. Calculate the remainder when v is divided by 21.
10
Let x(w) = -4*w - 4. What is the remainder when 113 is divided by x(-7)?
17
Let j(a) = -2*a. Let x be -1*21*2/(-6). Suppose -l = -0*l + x. What is the remainder when 40 is divided by j(l)?
12
Suppose 0 = 8*s - 10*s + 6. Suppose s*b - 23 = 1. What is the remainder when 15 is divided by b?
7
Suppose -n + 25 = -107. Suppose -3*u - 624 + 669 = 0. Calculate the remainder when n is divided by u.
12
Let r(n) = -n**2 - 9*n - 3. Let h be r(-8). Suppose -d - h*d + 24 = 0. What is the remainder when 9 is divided by d?
1
Suppose -g + 4*z + 19 + 21 = 0, -4*z - 112 = -4*g. Suppose 7*i - 987 = -490. Calculate the remainder when i is divided by g.
23
Let b(a) = -2*a**2 + 52*a + 72. Suppose 3*p - 197 = -44. What is the remainder when p is divided by b(27)?
15
What is the remainder when 3/(405/(-138) + 3) is divided by 7?
4
Let o(f) = f**3 - 4*f**2 - 9*f - 6. Let t be (-2 + 4 - -5) + 0. Let u = 14 - t. What is the remainder when o(u) is divided by 20?
18
Suppose -4*h - 542 = -218. Let v = h - -147. Let y = 53 + -36. Calculate the remainder when v is divided by y.
15
Suppose 5*p = 244 - 39. Suppose -p = -5*b + 309. Suppose -f = 4*f - b. What is the remainder when f is divided by 4?
2
Let f(w) = -w**3 + 9*w**2 + 15*w - 3. Let g = 13 - 3. Suppose 122*j - 115*j = 91. What is the remainder when f(g) is divided by j?
8
Let a be ((-32)/(-10) - (-6)/(-30)) + 72. What is the remainder when 96 is divided by (-10)/(-15)*1*a/2?
21
Suppose 3*o + 1101 - 417 = 0. What is the remainder when (o/(-95))/((-4)/(-50)) is divided by 16?
14
Suppose 492 = 6*p + 36. Calculate the remainder when p is divided by 7.
6
Calculate the remainder when 6 - (-4 - -15) - 1652/(-7) is divided by 16.
7
Let v(w) = 45*w**3 + w**2 + 2*w - 2. Suppose -c = 4*y - 17, 5*c + y = c + 8. Calculate the remainder when v(c) is divided by 92/6 - 4/(-6).
14
Suppose 0 = 3*l + 29 - 101. Suppose 0 = i + 13 - l. Calculate the remainder when 18 is divided by i.
7
Suppose -2*c = 23 - 59. Let g(j) = j**2 - 6*j + 2. Let u be g(7). Suppose 7*v - u*v = -66. What is the remainder when v is divided by c?
15
Let v = -26 + 39. Calculate the remainder when 24 is divided by v.
11
Suppose z - 9 = -2*z. Suppose z*u - 9 + 0 = 0. Suppose -5*k + 4*l + 285 = 0, 0 = -5*k - u*l + 5*l + 275. What is the remainder when k is divided by 27?
26
Let q = 1336 - 1321. Let z = -136 + 259. Let s = z + -66. What is the remainder when s is divided by q?
12
Let u = -262 + 274. Suppose 0 = -2*v - v + 246. What is the remainder when v is divided by u?
10
Suppose 0 = o + 2*o - 45. Let q(z) = -z**2 - 11*z + 18. Let p be q(-12). Suppose 6*w = 174 - p. What is the remainder when w is divided by o?
13
Let s = -34 + 35. Suppose x + 3*m = -x + 12, -s = 3*x - 5*m. Calculate the remainder when 8 is divided by x.
2
Let u(p) = 2*p**3 + 18*p**2 - 2*p + 9. What is the remainder when 509 is divided by u(-9)?
23
Let i(t) = 2*t**2 - 28*t + 85. Calculate the remainder when 72 is divided by i(13).
13
Let c = 1124 - 1077. Calculate the remainder when 468 is divided by c.
45
Suppose -3*w = -6*w. Let n(p) = -p**2 - 4*p + 5. What is the remainder when 8*(w - (-3)/2) is divided by n(-4)?
2
Suppose s + 29 = j, 0 = 2*j - 5*s - 72 + 8. Let o(b) = 2*b - 14. Let f be o(10). Suppose 2*n - f = 8. Calculate the remainder when j is divided by n.
6
Let s = 40 + -21. Calculate the remainder when 54 is divided by s.
16
Suppose 518 + 533 = 27*t - 191. Suppose 2*q + 60 = 7*q. Calculate the remainder when t is divided by q.
10
Suppose 0 = -13*o + 15*o + 10, 2*o = -5*g + 1105. Calculate the remainder when g is divided by 66.
25
Let v = -60 + 91. What is the remainder when 48 is divided by v?
17
Suppose -25 = 3*z - 8*z. Suppose -q + 43 = -3*q + z*s, 4*s = 2*q + 38. What is the remainder when 3/q*11*-21 is divided by 20?
17
Let y = 508 - -427. Calculate the remainder when y is divided by 39.
38
Let b = -1102 - -1220. Calculate the remainder when b is divided by 82.
36
Suppose -57*h = -63*h + 102. Calculate the remainder when 48 is divided by h.
14
Let h(v) = v**3 - 2*v**2 - 9*v + 10. Let o be h(5). Let d = 23 - o. Let y = d + 69. Calculate the remainder when y is divided by 18.
16
Suppose 3*f - 15 = -0*f. Suppose -2*c - f*o = 45, -6 + 41 = -3*c - o. What is the remainder when (-22)/(-26) - c/65 is divided by 1?
0
Let y(a) = -8*a - 1. Let v(m) = -m**2 + 2*m + 1. Let g be v(3). Calculate the remainder when ((-4)/g)/((-3)/(-30)) is divided by y(-1).
6
Let m be (-15)/(-9)*-3 + -4. Calculate the remainder when 15 is divided by (-3)/9*m*2.
3
Let d(t) = t**2 + 10*t + 7. Let w be d(-7). Let s(m) = -m**3 - 8*m**2 - 3*m - 5. Calculate the remainder when ((-45)/(-18))/((-1)/w) is divided by s(-8).
16
Suppose 0 = -7*r - 110 + 26. Calculate the remainder when (r + 5)*-9 - 0 is divided by 13.
11
Let n = -9 + 53. What is the remainder when 636/5 - (-3)/(-15) is divided by n?
39
What is the remainder when 48 is divided by ((-81)/(-162))/(1/26)?
9
Suppose 13*l = 22*l - 1953. Calculate the remainder when l is divided by 22.
19
Let j(g) = -g**2 + 17*g - 14. Let x be j(16). Suppose q + x*q = 33. Let z(p) = -14*p + 2. Calculate the remainder when z(-2) is divided by q.
8
Let f(w) = 119*w - 547. Let q(t) = 12*t - 1. Let o(v) = 36*v - 3. Let h(a) = -3*o(a) + 8*q(a). Calculate the remainder when f(5) is divided by h(-2).
23
Let c = 23 - 14. Let o = 2478 - 2454. Calculate the remainder when o is divided by c.
6
Let k(n) = 2*n**3 - n**2 + n + 2. Let m(r) = r**3 - 5*r + 11. What is the remainder when k(2) is divided by m(2)?
7
Let w(f) = -17*f + 526. What is the remainder when w(22) is divided by 32?
24
Let i(o) = -o**2 + 19*o - 1. Let s be i(19). Let m(h) = -9*h. Calculate the remainder when 32 is divided by m(s).
5
Let z(j) be the first derivative of -j**2/2 + 15*j - 8. Calculate the remainder when 39 is divided by z(-5).
19
Suppose i = 16*b - 13*b + 164, -5*b = 4*i - 724. What is the remainder when i is divided by 168?
8
Let w = 34 - 16. Let l(m) = m**2 + 6*m - 56. Calculate the remainder when l(7) is divided by w.
17
Let o = 121 - 73. Suppose -o = -4*m - 0*y - y, -4*m + 3*y + 64 = 0. What is the remainder when 62 is divided by m?
10
Let b = 248 + -210. Calculate the remainder when b is divided by 28.
10
Let g = 78 + -47. Calculate the remainder when 122 is divided by g.
29
Let c(f) = -f**2 - 16*f - 20. Let l(q) = 17*q + 5. Let n be l(-3). Let p = 33 + n. What is the remainder when c(p) is divided by 11?
8
Suppose -137 = -8*o - 17. Suppose y = 22 + o. Calculate the remainder when 109 is divided by y.
35
Let r(b) = 17*b - 158. Calculate the remainder when r(13) is divided by 